94 = -0*s. Let k = s - 57. Calculate the remainder when k is divided by 21.
19
Suppose 2 = b + b. Let j = 0 - -1. Let x = j + b. What is the remainder when 2 is divided by x?
0
Suppose 4*q = -56 + 60. Suppose -4*d = 4*b - 13 - 7, -b - 19 = -5*d. Calculate the remainder when b is divided by q.
0
Suppose -2*r + 3*r = 4*u - 9, 3*u = 2*r + 13. Let o = 0 + u. Calculate the remainder when 1 is divided by o.
0
Suppose 0 = -3*j - 2*j + 25. Suppose -3*f = -j*f + 66. Calculate the remainder when f is divided by 17.
16
Let g(a) = -a**2 - 11*a - 9. What is the remainder when 26 is divided by g(-8)?
11
Calculate the remainder when 11 is divided by -3*((-20)/9 + 4/18).
5
What is the remainder when (-195)/10*(-1 + -1) is divided by 14?
11
Suppose -20 = -3*u - 11. What is the remainder when 10 is divided by u?
1
Let c = 36 + -2. Let v = -237 + 246. What is the remainder when c is divided by v?
7
Let m(c) = -c + 8. Let o be m(6). Suppose -6*q = -o*q - 12. Calculate the remainder when 5 is divided by q.
2
Suppose 0 = i - 5*i + 168. What is the remainder when 123 is divided by i?
39
Let q be (1 + -13)*11/(-33). Suppose q*g = 46 + 46. Calculate the remainder when g is divided by 6.
5
Suppose 5*t = -29 + 94. What is the remainder when 38 is divided by t?
12
Suppose 0 = -2*u + 3*i + 3, -3*i + 3 = -5*u - 6*i. Let b = 36 - 22. Suppose u = d + d - b. Calculate the remainder when 12 is divided by d.
5
Let s(d) = d**2 + 4*d + 2. Let i be s(-4). Let v(x) = 2*x - 2*x**2 + 4*x**i - 2 - 4*x. Calculate the remainder when 18 is divided by v(-2).
8
Let m(x) = x**2 - 3*x - 30. Calculate the remainder when 87 is divided by m(9).
15
Let r(d) = -3*d. Let f(p) = 6*p - 2. Let i be f(1). Suppose 51 = i*g - g. Calculate the remainder when g is divided by r(-2).
5
Suppose 12 = -4*g, -2*g - 22 = 5*v + 2*g. Let b(p) = -2 + 1 + 0 + 10*p**2 + p + 0*p. What is the remainder when b(v) is divided by 10?
7
Let q(j) = -j**2 - 5*j - 4. Let v be q(-4). Suppose 5*g - 70 - 25 = v. What is the remainder when g is divided by 7?
5
Suppose 2*q = 3*q - 5. Suppose -3*c = -4*n + 2*n - 1, q = 5*c. Calculate the remainder when 25 is divided by 2*(13/2)/n.
12
Suppose 2 = 12*r - 11*r. Let q(d) = d**3 + 5*d**2 + d + 7. Let k(l) = -6*l**2 + 1. Let f be k(1). Calculate the remainder when q(f) is divided by r.
0
Calculate the remainder when 73 is divided by (1 - 2)/((-8)/208).
21
What is the remainder when 6 is divided by 4 - 4 - -4 - 1?
0
Let y = 81 - 31. What is the remainder when 297 is divided by y?
47
Let o(a) = 2*a - 2. Let n be o(3). Suppose z + 360 = n*z. Suppose l + 0*l = -4*v + z, 3*v - 71 = 4*l. What is the remainder when v is divided by 10?
9
Let d(v) = 24*v + 3. Suppose 6 = -y + 3*y. Let p be d(y). Suppose -a = -3*a - 6, -4*a = -b + p. What is the remainder when b is divided by 16?
15
Let x(y) = -y + 11. Calculate the remainder when 9 is divided by x(7).
1
Suppose u - 4 = -5*o - 3, 7 = 2*u + 5*o. What is the remainder when (6/(-8))/((-2)/24) is divided by u?
3
Suppose -4*q + 4*g - 72 = 0, -5*g - 19 = 4*q + 17. Let z = 20 + q. What is the remainder when 21 is divided by z?
3
Suppose -d - 6*d + 28 = 0. Calculate the remainder when 17 is divided by d.
1
Let s = -27 + 53. What is the remainder when ((4 - 2)*26 - 2) + -1 is divided by s?
23
Let w(x) = x**2 - 10*x - 2. Let n be w(10). What is the remainder when 9 is divided by (-19)/(-5) - n/10?
1
Suppose 5*d - 7*d = 10, 5*z - 2*d = 75. Suppose -l + 27 - 3 = 0. What is the remainder when l is divided by z?
11
Let n(g) = 2*g**2 + 27*g + 1. Calculate the remainder when n(-14) is divided by 4.
3
Let j(y) = y**3 - 12*y**2 + 13*y - 11. What is the remainder when 49 is divided by j(11)?
5
Let s(m) = 4 - 3 - 2*m - 4*m**3 - 4*m**2 + m**3. Calculate the remainder when s(-2) is divided by 8.
5
Let l(z) = -z - 2. Let x be l(-2). Suppose 4*w + 69 + 106 = 5*y, -4*y - 4*w + 104 = x. What is the remainder when y is divided by 11?
9
Suppose -37 = -3*b - u, -4*b + u + 47 = -0*b. What is the remainder when b is divided by 5?
2
Let c = 148 + -140. Suppose -2*x - 18 = -5*x. Calculate the remainder when c is divided by x.
2
Let t(h) = -h - 7. Let q be t(-7). Suppose -a + 5*n = -q*a - 26, 5*a - 5*n - 50 = 0. What is the remainder when 11 is divided by a?
5
Suppose 2*n - 2 = 4. Suppose d = n*d - 6. Suppose 2*m + 3*m - 40 = -3*s, 2*s = 0. Calculate the remainder when m is divided by d.
2
Let l(o) = 5*o**2 - 2*o + 5. Calculate the remainder when 84 is divided by l(-2).
26
Let y = 64 - -7. Calculate the remainder when y is divided by 12.
11
Let v = -5 + 10. Suppose -5*l + 65 = v*f - 0, -4*f = 0. Calculate the remainder when l is divided by 1*(5 + -2 + 2).
3
Suppose p - 2*p = -19. Suppose 21 = 2*c - p. What is the remainder when c is divided by 11?
9
Let u(p) = p**3 - 5*p**2 + p. Let n be 14/3 - (-1)/3. Calculate the remainder when 9 is divided by u(n).
4
Suppose 0 = -3*v + 56 - 2. Suppose 0 = -2*a + q + 3*q + 86, 58 = a + q. What is the remainder when a is divided by v?
17
Let c be (-23 - -1)*(-18)/(-12). Let g = 14 - c. Let o = 6 + 10. What is the remainder when g is divided by o?
15
Let v(i) = 2*i - 2. What is the remainder when 27 is divided by v(8)?
13
Let a = -68 + 153. Let c(k) = k**2 - k + 22. What is the remainder when a is divided by c(0)?
19
Let m(t) = t**3 - 9*t**2 + 2*t - 7. Calculate the remainder when m(9) is divided by 7.
4
Let j(z) = -z**3 - 10*z**2 + 13*z - 4. Let x be j(-11). Calculate the remainder when (-4)/x + (-510)/(-65) is divided by 5.
3
Let n be -1*(2 + -3) + 4. Suppose 5*w = 5*f - 75, 12 - 42 = n*w + 4*f. Calculate the remainder when 1/5 + (-138)/w is divided by 5.
4
Let w(i) = 7*i - 5. Let k(n) = 29*n - 19. Let d(a) = -2*k(a) + 9*w(a). Calculate the remainder when d(7) is divided by 3/(-1)*20/(-6).
8
Let k be 20/(-30) + 2/3. Suppose k = -f - 0*f + 30. Suppose 3*w + 7 = -3*a + 25, -w + 5*a = -f. Calculate the remainder when 17 is divided by w.
7
Suppose -271 = -2*b - 55. What is the remainder when b is divided by 22?
20
Suppose 4*g - 11 - 85 = 0. Calculate the remainder when g is divided by 14.
10
Suppose 2*y + 2*y = 32. Suppose 2*a - y = -2. Calculate the remainder when 8 is divided by a.
2
Suppose -3*p + 14 = -p. What is the remainder when ((-24)/10)/(1/(-5)) is divided by p?
5
Calculate the remainder when 11 is divided by 1 + 0 + (3/1 - 2).
1
Suppose -2*l = -15 - 89. What is the remainder when l is divided by 28?
24
Suppose k - 6*k - 45 = -3*m, -75 = -5*m - k. Calculate the remainder when 27 is divided by m.
12
Suppose 0 = -5*h - 15, 10 = 2*j + 4*h - 2. Calculate the remainder when j is divided by 9 - (0/(-1) + 2).
5
Let z = 1 - -22. Let h(k) = 0 + 2*k**3 + 0 - 3*k**2 + 2*k. Calculate the remainder when z is divided by h(2).
7
Let f = 9 + -5. Let w be -2*((-22)/f + -1). Suppose -w = -5*v - 4*m, -3*v = 4*m - 11 - 0. What is the remainder when v is divided by 1?
0
Let m = -6 + 21. Calculate the remainder when 28 is divided by m.
13
Suppose 4*z - 222 = 4*s + 86, 4*z - 5*s = 312. Suppose -3*r = -3*v + 69, 106 = -2*v + 6*v + 3*r. Calculate the remainder when z is divided by v.
23
Let i(v) = 3*v - 2. Let h be i(2). Let s be (4 - -6)*6/h. What is the remainder when 21 is divided by (55/s)/((-2)/(-6))?
10
Suppose 2*g - p = -g + 187, -p - 125 = -2*g. What is the remainder when g is divided by 21?
20
Let i = 35 + -1. Let f(y) = -y**2 + 10*y - 2. Let z be f(8). Let k(v) = -v + 32. What is the remainder when i is divided by k(z)?
16
Suppose -36 = 3*i - 5*i + 4*u, -5*i + 2*u = -98. What is the remainder when i is divided by 12?
8
Suppose 69 = 5*o - 61. Let g be 0/(-2 - (-3 - 0)). What is the remainder when g/(-1) - 2 - -78 is divided by o?
24
Let p(z) = -z**3 + 2*z**2 - 2. Let t be p(2). Let s = t - -10. Let d(q) = q**3 + 7*q**2 + 7*q + 9. Calculate the remainder when s is divided by d(-6).
2
Suppose -5*y - c + 69 = -2*y, 5*y + 4*c = 108. Calculate the remainder when (-94)/(-4) - (-2)/(-4) is divided by (y/18)/((-2)/(-18)).
11
Suppose 3*m = 2*m - 3. Let v = m + 7. Suppose 56 = 4*a + 3*q, a + 5*q = v + 10. Calculate the remainder when 53 is divided by a.
11
Let q(t) = -2*t. Let c be q(-2). Suppose 4*h = 2*k + 14, 3 = -c*k - 0*k + 3*h. What is the remainder when k is divided by 3?
0
Suppose d = -v + 15, 8*v - 3*v = 4*d + 84. Calculate the remainder when v is div